{"id":604,"date":"2019-04-24T10:02:28","date_gmt":"2019-04-24T08:02:28","guid":{"rendered":"https:\/\/amap.3fu.me\/?page_id=604"},"modified":"2021-08-21T12:15:59","modified_gmt":"2021-08-21T10:15:59","slug":"concombres","status":"publish","type":"page","link":"https:\/\/www.biauxarpajonnais.org\/index.php\/recettes\/concombres\/","title":{"rendered":"CONCOMBRES"},"content":{"rendered":"\n<h2 class=\"has-text-align-left wp-block-heading\"><span class=\"has-inline-color has-black-color\"> I<strong>l \u00e9tait une fois\u2026 l\u2019Histoire du concombre<\/strong> <\/span><\/h2>\n\n\n\n<div class=\"wp-block-image\"><figure class=\"alignleft size-full\"><img loading=\"lazy\" decoding=\"async\" width=\"155\" height=\"155\" src=\"https:\/\/www.biauxarpajonnais.org\/wp-content\/uploads\/2021\/08\/Concombre.jpg\" alt=\"\" class=\"wp-image-3337\" srcset=\"https:\/\/www.biauxarpajonnais.org\/wp-content\/uploads\/2021\/08\/Concombre.jpg 155w, https:\/\/www.biauxarpajonnais.org\/wp-content\/uploads\/2021\/08\/Concombre-150x150.jpg 150w\" sizes=\"auto, (max-width: 155px) 100vw, 155px\" \/><\/figure><\/div>\n\n\n\n<p class=\"has-text-align-justify has-medium-font-size\"><br><em><strong>De la famille des cucurbitac\u00e9es le concombre a comme illustres cousins le melon, le  ornichon, le potiron et comme savoureuse cousine la courgette.<\/strong><\/em><br><br>D\u00e9j\u00e0 mentionn\u00e9 dans les l\u00e9gendes bouddhistes sous le nom d\u2019ischwaku, le concombre serait une des plus vieilles plantes potag\u00e8res du monde : des<br>arch\u00e9ologues ont, semble-t-il, identifi\u00e9 en Birmanie des graines datant de plus de 7000 ans avant JC. On a en tous cas la certitude que le concombre poussait \u00e0 l\u2019\u00e9tat sauvage sur les contreforts de l\u2019Himalaya, puis qu\u2019il a \u00e9t\u00e9 domestiqu\u00e9 tr\u00e8s t\u00f4t en Chine (5000 ans avant JC) et rapidement diffus\u00e9 vers l\u2019Ouest. Ce grand voyageur est alors cultiv\u00e9 en Inde, puis tr\u00e8s appr\u00e9ci\u00e9 en Egypte o\u00f9 il \u00e9tait cultiv\u00e9 sur les bords du Nil\u2026 Il fait le grand saut en Galil\u00e9e o\u00f9 il est adopt\u00e9 par les h\u00e9breux. Il donne dit-on de la sagesse \u00e0 Salomon, de la force \u00e0 Samson et du lyrisme \u00e0 David. Bref, ce l\u00e9gume biblique commence d\u00e9j\u00e0 \u00e0 faire parler de lui dans le plus grand best-seller de tous les temps.<br><br>Quand l\u2019empereur Tib\u00e8re le d\u00e9couvre \u00e0 J\u00e9rusalem, il l\u2019embarque \u00e0 Rome o\u00f9 le grand cuisinier Apicius a la bonne id\u00e9e de l\u2019accommoder avec du miel pour contrer son amertume. Si Charlemagne l\u2019introduit dans tout son empire, c\u2019est Christophe Colomb qui lui fait traverser l\u2019atlantique : indiens et colons d\u00e9couvrent le concombre et d\u00e9veloppent sa culture sur tout le continent am\u00e9ricain.<br>Gr\u00e2ce \u00e0 La Quintinie qui, le premier, le cultive sous-abris, le concombre fait ses premiers pas \u00e0<br>la Cour. Louis XIV retrouve sa bonne humeur d\u00e8s le mois d\u2019avril, lorsqu\u2019appara\u00eet le premier<br>concombre de printemps : il raffole de sa chair fra\u00eeche et croquante.<br><strong><br>A partir du XIX\u00e8me si\u00e8cle, le concombre se d\u00e9mocratise : il entre dans les manuels de cuisine bourgeoise et fait le tour de l\u2019Europe.<\/strong><\/p>\n\n\n<ul class=\"wp-block-latest-posts__list wp-block-latest-posts\"><li><a class=\"wp-block-latest-posts__post-title\" href=\"https:\/\/www.biauxarpajonnais.org\/index.php\/2024\/09\/03\/gaspacho-de-concombre-a-la-menthe\/\">Gaspacho de concombre \u00e0 la menthe<\/a><\/li>\n<li><a class=\"wp-block-latest-posts__post-title\" href=\"https:\/\/www.biauxarpajonnais.org\/index.php\/2024\/09\/03\/gaspacho-tomate-concombre\/\">Gaspacho tomate concombre<\/a><\/li>\n<li><a class=\"wp-block-latest-posts__post-title\" href=\"https:\/\/www.biauxarpajonnais.org\/index.php\/2020\/06\/10\/salade-de-pois-chiches-avocat-concombre-et-feta\/\">Salade de Pois chiches, Avocat, Concombre et Feta<\/a><\/li>\n<li><a class=\"wp-block-latest-posts__post-title\" href=\"https:\/\/www.biauxarpajonnais.org\/index.php\/2021\/08\/01\/salade-de-tagliatelless-de-concombre-et-courgettes\/\">Salade de tagliatelles de concombre et courgettes<\/a><\/li>\n<li><a class=\"wp-block-latest-posts__post-title\" href=\"https:\/\/www.biauxarpajonnais.org\/index.php\/2019\/04\/10\/salade-grecque\/\">Salade grecque<\/a><\/li>\n<li><a class=\"wp-block-latest-posts__post-title\" href=\"https:\/\/www.biauxarpajonnais.org\/index.php\/2021\/08\/28\/salade-grecque-facon-buddha-bowl\/\">Salade Grecque fa\u00e7on Buddha Bowl<\/a><\/li>\n<li><a class=\"wp-block-latest-posts__post-title\" href=\"https:\/\/www.biauxarpajonnais.org\/index.php\/2022\/07\/30\/salade-thai-au-fenouil-et-concombre\/\">Salade Tha\u00ef au fenouil et concombre<\/a><\/li>\n<li><a class=\"wp-block-latest-posts__post-title\" href=\"https:\/\/www.biauxarpajonnais.org\/index.php\/2021\/07\/13\/tagliatelles-de-carottes-concombre-et-courgettes\/\">Tagliatelles de carottes concombre et courgettes<\/a><\/li>\n<li><a class=\"wp-block-latest-posts__post-title\" href=\"https:\/\/www.biauxarpajonnais.org\/index.php\/2019\/04\/24\/tartare-de-saumon-au-concombre\/\">Tartare de saumon au concombre<\/a><\/li>\n<\/ul>\n\n\n<p><\/p>\n","protected":false},"excerpt":{"rendered":"<p>Il \u00e9tait une fois\u2026 l\u2019Histoire du concombre De la famille des cucurbitac\u00e9es le concombre a comme illustres cousins le melon, le ornichon, le potiron et comme savoureuse cousine la courgette. D\u00e9j\u00e0 mentionn\u00e9 dans les l\u00e9gendes bouddhistes sous le nom d\u2019ischwaku,&#8230;<\/p>\n","protected":false},"author":4,"featured_media":0,"parent":54,"menu_order":0,"comment_status":"closed","ping_status":"closed","template":"","meta":{"footnotes":""},"class_list":["post-604","page","type-page","status-publish","hentry","no-post-thumbnail"],"_links":{"self":[{"href":"https:\/\/www.biauxarpajonnais.org\/index.php\/wp-json\/wp\/v2\/pages\/604","targetHints":{"allow":["GET"]}}],"collection":[{"href":"https:\/\/www.biauxarpajonnais.org\/index.php\/wp-json\/wp\/v2\/pages"}],"about":[{"href":"https:\/\/www.biauxarpajonnais.org\/index.php\/wp-json\/wp\/v2\/types\/page"}],"author":[{"embeddable":true,"href":"https:\/\/www.biauxarpajonnais.org\/index.php\/wp-json\/wp\/v2\/users\/4"}],"replies":[{"embeddable":true,"href":"https:\/\/www.biauxarpajonnais.org\/index.php\/wp-json\/wp\/v2\/comments?post=604"}],"version-history":[{"count":0,"href":"https:\/\/www.biauxarpajonnais.org\/index.php\/wp-json\/wp\/v2\/pages\/604\/revisions"}],"up":[{"embeddable":true,"href":"https:\/\/www.biauxarpajonnais.org\/index.php\/wp-json\/wp\/v2\/pages\/54"}],"wp:attachment":[{"href":"https:\/\/www.biauxarpajonnais.org\/index.php\/wp-json\/wp\/v2\/media?parent=604"}],"curies":[{"name":"wp","href":"https:\/\/api.w.org\/{rel}","templated":true}]}}