{"id":465,"date":"2019-04-10T18:13:34","date_gmt":"2019-04-10T16:13:34","guid":{"rendered":"https:\/\/amap.3fu.me\/?page_id=465"},"modified":"2021-07-03T18:21:53","modified_gmt":"2021-07-03T16:21:53","slug":"courgettes","status":"publish","type":"page","link":"https:\/\/www.biauxarpajonnais.org\/index.php\/recettes\/courgettes\/","title":{"rendered":"COURGETTES"},"content":{"rendered":"\n<p><strong>Juillet ensoleill\u00e9, la courgette\ndans tous ses \u00e9tats&nbsp;!<\/strong><\/p>\n\n\n\n<ul class=\"wp-block-list\"><li>M\u00e9diterran\u00e9enne par excellence, la courgette s\u2019accompagne presque toujours avec huile d\u2019olive, oignons\/ail, citron et aromates\u2026<\/li><li>Peu go\u00fbteuse, elle se marie tout particuli\u00e8rement avec d\u2019autres l\u00e9gumes et avec des \u00e9pices et des condiments (herbes s\u00e8ches ou fra\u00eeches, currys en tous genres, cumin, coriandre, etc.)<\/li><li>Simple, rapide et peu on\u00e9reuse, elle permet une d\u00e9clinaison d\u2019utilisations, d\u2019adaptations et d\u2019inventions.<\/li><\/ul>\n\n\n\n<hr class=\"wp-block-separator\"\/>\n\n\n<ul class=\"wp-block-latest-posts__list wp-block-latest-posts\"><li><a class=\"wp-block-latest-posts__post-title\" href=\"https:\/\/www.biauxarpajonnais.org\/index.php\/2019\/04\/10\/beignets-de-courgettes\/\">Beignets de courgettes<\/a><\/li>\n<li><a class=\"wp-block-latest-posts__post-title\" href=\"https:\/\/www.biauxarpajonnais.org\/index.php\/2019\/04\/10\/carpaccio-de-courgettes\/\">Carpaccio de courgettes<\/a><\/li>\n<li><a class=\"wp-block-latest-posts__post-title\" href=\"https:\/\/www.biauxarpajonnais.org\/index.php\/2019\/04\/10\/courgettes-a-la-thai\/\">Courgettes \u00e0 la tha\u00ef<\/a><\/li>\n<li><a class=\"wp-block-latest-posts__post-title\" href=\"https:\/\/www.biauxarpajonnais.org\/index.php\/2019\/04\/10\/courgettes-au-barbecue\/\">Courgettes au barbecue<\/a><\/li>\n<li><a class=\"wp-block-latest-posts__post-title\" href=\"https:\/\/www.biauxarpajonnais.org\/index.php\/2019\/04\/10\/courgettes-en-spaghetti\/\">Courgettes en spaghetti<\/a><\/li>\n<li><a class=\"wp-block-latest-posts__post-title\" href=\"https:\/\/www.biauxarpajonnais.org\/index.php\/2021\/09\/07\/crumble-de-tomates-courgettes-et-poivrons\/\">Crumble de tomates, courgettes et poivrons<\/a><\/li>\n<li><a class=\"wp-block-latest-posts__post-title\" href=\"https:\/\/www.biauxarpajonnais.org\/index.php\/2021\/10\/11\/crumble-sale-aux-legumes-dete\/\">Crumble sal\u00e9 aux l\u00e9gumes d&rsquo;\u00e9t\u00e9<\/a><\/li>\n<li><a class=\"wp-block-latest-posts__post-title\" href=\"https:\/\/www.biauxarpajonnais.org\/index.php\/2019\/04\/10\/des-de-courgettes\/\">D\u00e9s de courgettes<\/a><\/li>\n<li><a class=\"wp-block-latest-posts__post-title\" href=\"https:\/\/www.biauxarpajonnais.org\/index.php\/2019\/04\/10\/gaspacho-de-courgettes\/\">Gaspacho de courgettes<\/a><\/li>\n<li><a class=\"wp-block-latest-posts__post-title\" href=\"https:\/\/www.biauxarpajonnais.org\/index.php\/2021\/10\/24\/gratin-de-chou-rave-courgette-aux-lardons-et-fromages\/\">Gratin de chou rave, courgette aux lardons et fromages<\/a><\/li>\n<li><a class=\"wp-block-latest-posts__post-title\" href=\"https:\/\/www.biauxarpajonnais.org\/index.php\/2024\/07\/20\/gratin-de-fenouil-et-courgettes\/\">Gratin de Fenouil et Courgettes<\/a><\/li>\n<li><a class=\"wp-block-latest-posts__post-title\" href=\"https:\/\/www.biauxarpajonnais.org\/index.php\/2021\/06\/12\/gratin-de-pates-aux-petits-pois-et-courgettes\/\">Gratin de p\u00e2tes aux petits pois et courgettes<\/a><\/li>\n<li><a class=\"wp-block-latest-posts__post-title\" href=\"https:\/\/www.biauxarpajonnais.org\/index.php\/2022\/07\/26\/gratin-pommes-de-terre-aubergines-et-courgettes\/\">Gratin pommes de terre, aubergines et courgettes<\/a><\/li>\n<li><a class=\"wp-block-latest-posts__post-title\" href=\"https:\/\/www.biauxarpajonnais.org\/index.php\/2019\/04\/10\/la-salade-de-courgettes-a-la-grecque\/\">La salade de courgettes \u00e0 la grecque<\/a><\/li>\n<li><a class=\"wp-block-latest-posts__post-title\" href=\"https:\/\/www.biauxarpajonnais.org\/index.php\/2019\/04\/10\/la-traditionnelle-ratatouille-mais-revisitee-en-salade-fraiche\/\">La traditionnelle ratatouille, mais revisit\u00e9e en salade fra\u00eeche<\/a><\/li>\n<li><a class=\"wp-block-latest-posts__post-title\" href=\"https:\/\/www.biauxarpajonnais.org\/index.php\/2021\/08\/07\/lasagnes-aux-legumes-du-soleil\/\">Lasagnes aux l\u00e9gumes du soleil<\/a><\/li>\n<li><a class=\"wp-block-latest-posts__post-title\" href=\"https:\/\/www.biauxarpajonnais.org\/index.php\/2019\/04\/10\/courgettes-et-legumes-farcis-a-la-grecque\/\">L\u00e9gumes farcis \u00e0 la grecque<\/a><\/li>\n<li><a class=\"wp-block-latest-posts__post-title\" href=\"https:\/\/www.biauxarpajonnais.org\/index.php\/2022\/06\/13\/pates-facon-risotto-aux-feves-et-courgettes\/\">P\u00e2tes fa\u00e7on risotto aux f\u00e8ves et courgettes<\/a><\/li>\n<li><a class=\"wp-block-latest-posts__post-title\" href=\"https:\/\/www.biauxarpajonnais.org\/index.php\/2021\/06\/19\/risotto-de-legumes\/\">Risotto de l\u00e9gumes<\/a><\/li>\n<li><a class=\"wp-block-latest-posts__post-title\" href=\"https:\/\/www.biauxarpajonnais.org\/index.php\/2021\/07\/03\/rostis-de-courgettes-et-betteraves\/\">Rostis de Courgettes et betteraves<\/a><\/li>\n<li><a class=\"wp-block-latest-posts__post-title\" href=\"https:\/\/www.biauxarpajonnais.org\/index.php\/2019\/04\/10\/salade-a-litalienne\/\">Salade \u00e0 l\u2019italienne<\/a><\/li>\n<li><a class=\"wp-block-latest-posts__post-title\" href=\"https:\/\/www.biauxarpajonnais.org\/index.php\/2021\/08\/07\/salade-daubergines-et-courgettes-grillees-tomates-confites-et-feta\/\">Salade d&rsquo;aubergines et courgettes grill\u00e9es, tomates confites et f\u00eata<\/a><\/li>\n<li><a class=\"wp-block-latest-posts__post-title\" href=\"https:\/\/www.biauxarpajonnais.org\/index.php\/2021\/06\/19\/salade-de-pommes-de-terre-haricots-rame-et-courgettes\/\">Salade de pommes de terre, haricots rame et courgettes<\/a><\/li>\n<li><a class=\"wp-block-latest-posts__post-title\" href=\"https:\/\/www.biauxarpajonnais.org\/index.php\/2021\/08\/01\/salade-de-tagliatelless-de-concombre-et-courgettes\/\">Salade de tagliatelles de concombre et courgettes<\/a><\/li>\n<li><a class=\"wp-block-latest-posts__post-title\" href=\"https:\/\/www.biauxarpajonnais.org\/index.php\/2019\/04\/10\/salade-grecque\/\">Salade grecque<\/a><\/li>\n<li><a class=\"wp-block-latest-posts__post-title\" href=\"https:\/\/www.biauxarpajonnais.org\/index.php\/2021\/08\/28\/salade-grecque-facon-buddha-bowl\/\">Salade Grecque fa\u00e7on Buddha Bowl<\/a><\/li>\n<li><a class=\"wp-block-latest-posts__post-title\" href=\"https:\/\/www.biauxarpajonnais.org\/index.php\/2023\/09\/17\/scarpaccia-de-courgettes\/\">Scarpaccia de courgettes<\/a><\/li>\n<li><a class=\"wp-block-latest-posts__post-title\" href=\"https:\/\/www.biauxarpajonnais.org\/index.php\/2024\/09\/03\/soupe-froide-aux-poireaux-et-courgettes\/\">Soupe froide aux poireaux et courgettes<\/a><\/li>\n<li><a class=\"wp-block-latest-posts__post-title\" href=\"https:\/\/www.biauxarpajonnais.org\/index.php\/2021\/11\/01\/spaghettis-aux-courgettes-et-pesto-de-persil\/\">Spaghettis aux courgettes et pesto de persil<\/a><\/li>\n<li><a class=\"wp-block-latest-posts__post-title\" href=\"https:\/\/www.biauxarpajonnais.org\/index.php\/2021\/07\/13\/tagliatelles-de-carottes-concombre-et-courgettes\/\">Tagliatelles de carottes concombre et courgettes<\/a><\/li>\n<li><a class=\"wp-block-latest-posts__post-title\" href=\"https:\/\/www.biauxarpajonnais.org\/index.php\/2021\/09\/12\/tarte-fenouil-courgette-au-chorizo-et-chevre\/\">Tarte fenouil-courgette au chorizo et ch\u00e8vre<\/a><\/li>\n<li><a class=\"wp-block-latest-posts__post-title\" href=\"https:\/\/www.biauxarpajonnais.org\/index.php\/2023\/09\/10\/tarte-rustique-aux-tomates-cerise-courgettes-et-mozzarrella\/\">Tarte rustique aux tomates cerise, courgettes et mozzarrella<\/a><\/li>\n<li><a class=\"wp-block-latest-posts__post-title\" href=\"https:\/\/www.biauxarpajonnais.org\/index.php\/2021\/08\/07\/tarte-salee-aux-legumes-dete\/\">Tarte sal\u00e9e aux l\u00e9gumes d&rsquo;\u00e9t\u00e9<\/a><\/li>\n<li><a class=\"wp-block-latest-posts__post-title\" href=\"https:\/\/www.biauxarpajonnais.org\/index.php\/2021\/08\/23\/tarte-salee-courgettes-et-poivrons\/\">Tarte sal\u00e9e courgettes et poivrons<\/a><\/li>\n<li><a class=\"wp-block-latest-posts__post-title\" href=\"https:\/\/www.biauxarpajonnais.org\/index.php\/2021\/10\/24\/tatin-de-legumes-au-chevre-et-pesto\/\">Tatin de l\u00e9gumes au ch\u00e8vre et pesto<\/a><\/li>\n<li><a class=\"wp-block-latest-posts__post-title\" href=\"https:\/\/www.biauxarpajonnais.org\/index.php\/2025\/08\/09\/tian-de-legumes\/\">Tian de l\u00e9gumes<\/a><\/li>\n<li><a class=\"wp-block-latest-posts__post-title\" href=\"https:\/\/www.biauxarpajonnais.org\/index.php\/2021\/06\/19\/wok-de-legumes-au-curry-et-lait-de-coco\/\">Wok de l\u00e9gumes au curry et lait de coco<\/a><\/li>\n<\/ul>","protected":false},"excerpt":{"rendered":"<p>Juillet ensoleill\u00e9, la courgette dans tous ses \u00e9tats&nbsp;! M\u00e9diterran\u00e9enne par excellence, la courgette s\u2019accompagne presque toujours avec huile d\u2019olive, oignons\/ail, citron et aromates\u2026 Peu go\u00fbteuse, elle se marie tout particuli\u00e8rement avec d\u2019autres l\u00e9gumes et avec des \u00e9pices et des condiments&#8230;<\/p>\n","protected":false},"author":3,"featured_media":0,"parent":54,"menu_order":0,"comment_status":"closed","ping_status":"closed","template":"","meta":{"footnotes":""},"class_list":["post-465","page","type-page","status-publish","hentry","no-post-thumbnail"],"_links":{"self":[{"href":"https:\/\/www.biauxarpajonnais.org\/index.php\/wp-json\/wp\/v2\/pages\/465","targetHints":{"allow":["GET"]}}],"collection":[{"href":"https:\/\/www.biauxarpajonnais.org\/index.php\/wp-json\/wp\/v2\/pages"}],"about":[{"href":"https:\/\/www.biauxarpajonnais.org\/index.php\/wp-json\/wp\/v2\/types\/page"}],"author":[{"embeddable":true,"href":"https:\/\/www.biauxarpajonnais.org\/index.php\/wp-json\/wp\/v2\/users\/3"}],"replies":[{"embeddable":true,"href":"https:\/\/www.biauxarpajonnais.org\/index.php\/wp-json\/wp\/v2\/comments?post=465"}],"version-history":[{"count":0,"href":"https:\/\/www.biauxarpajonnais.org\/index.php\/wp-json\/wp\/v2\/pages\/465\/revisions"}],"up":[{"embeddable":true,"href":"https:\/\/www.biauxarpajonnais.org\/index.php\/wp-json\/wp\/v2\/pages\/54"}],"wp:attachment":[{"href":"https:\/\/www.biauxarpajonnais.org\/index.php\/wp-json\/wp\/v2\/media?parent=465"}],"curies":[{"name":"wp","href":"https:\/\/api.w.org\/{rel}","templated":true}]}}