{"id":296,"date":"2019-03-18T16:35:59","date_gmt":"2019-03-18T15:35:59","guid":{"rendered":"https:\/\/amap.3fu.me\/?page_id=296"},"modified":"2021-02-13T09:58:36","modified_gmt":"2021-02-13T08:58:36","slug":"vins","status":"publish","type":"page","link":"https:\/\/www.biauxarpajonnais.org\/index.php\/les-producteurs\/vins\/","title":{"rendered":"VINS"},"content":{"rendered":"\n<figure class=\"wp-block-image\"><img loading=\"lazy\" decoding=\"async\" width=\"1009\" height=\"217\" src=\"https:\/\/amap.3fu.me\/wp-content\/uploads\/2019\/03\/image-4.png\" alt=\"\" class=\"wp-image-391\" srcset=\"https:\/\/www.biauxarpajonnais.org\/wp-content\/uploads\/2019\/03\/image-4.png 1009w, https:\/\/www.biauxarpajonnais.org\/wp-content\/uploads\/2019\/03\/image-4-300x65.png 300w, https:\/\/www.biauxarpajonnais.org\/wp-content\/uploads\/2019\/03\/image-4-768x165.png 768w\" sizes=\"auto, (max-width: 1009px) 100vw, 1009px\" \/><\/figure>\n\n\n\n<div class=\"wp-block-image\"><figure class=\"aligncenter is-resized\"><img loading=\"lazy\" decoding=\"async\" src=\"https:\/\/amap.3fu.me\/wp-content\/uploads\/2019\/03\/image-1.png\" alt=\"\" class=\"wp-image-386\" width=\"495\" height=\"146\" srcset=\"https:\/\/www.biauxarpajonnais.org\/wp-content\/uploads\/2019\/03\/image-1.png 329w, https:\/\/www.biauxarpajonnais.org\/wp-content\/uploads\/2019\/03\/image-1-300x88.png 300w\" sizes=\"auto, (max-width: 495px) 100vw, 495px\" \/><\/figure><\/div>\n\n\n\n<p class=\"has-text-align-center\"><span class=\"has-inline-color has-vivid-green-cyan-color\"><strong><a href=\"https:\/\/www.biauxarpajonnais.org\/index.php\/enclos-de-la-croix\/\" data-type=\"page\" data-id=\"2211\">Janvier 2021 &#8211; Les v\u0153ux du domaine  Enclos de la croix<\/a><\/strong><\/span><\/p>\n\n\n\n<h3 class=\"wp-block-heading\">Le Domaine<\/h3>\n\n\n\n<p><strong>U N&nbsp; L I E U&nbsp; D &lsquo; E X C E P T I O N<\/strong> <br>Situ\u00e9 dans le Languedoc, au c\u0153ur de la petite&nbsp; Camargue, entre l\u2019Etang de l\u2019Or et les C\u00e9vennes, le&nbsp; domaine \u00ab\u00a0Enclos de la Croix\u00a0\u00bb est un \u00e9crin de verdure cultiv\u00e9 en Bio sur 23 ha, situ\u00e9&nbsp; \u00e0 Lansargues \u00e0 20 minutes de Montpellier ! <\/p>\n\n\n\n<p><strong>U N&nbsp; D O M A I N E&nbsp; F A M I L I A L<\/strong> <br>Cr\u00e9\u00e9 en 1814, Le domaine \u00ab\u00a0Enclos de la Croix\u00a0\u00bb voit&nbsp; aujourd&rsquo;hui une 8\u00e8me g\u00e9n\u00e9ration fouler ses terres.&nbsp; Passionn\u00e9s et passionnants, Fran\u00e7ois, Agathe,&nbsp; Marceline et bien d&rsquo;autres sauront vous parler de leur&nbsp; passion, mais aussi vous faire voyager \u00e0 travers le temps&nbsp; en vous racontant l\u2019histoire du Domaine. <\/p>\n\n\n\n<p><strong>U N E&nbsp; D \u00c9 M A R C H E&nbsp; A G R O &#8211;&nbsp; \u00c9 C O L O G I Q U E <\/strong><br>Le Domaine a fait revenir au c\u0153ur de sa culture,&nbsp;arbres, chevaux, moutons et poules pour un respect des \u00e9quilibres&nbsp;et pour cultiver la biodiversit\u00e9, \u00e0 la fois source d&rsquo;\u00e9conomie naturelle, d&rsquo;\u00e9quilibre \u00e9cologique et de revenu compl\u00e9mentaire. <\/p>\n\n\n\n<h3 class=\"wp-block-heading\">Des activit\u00e9s \u00e0 la carte sur 4 saisons<\/h3>\n\n\n\n<p>Vivez les 4 saisons d&rsquo;un vigneron Bio du sud de la France \u00e0 travers diff\u00e9rentes activit\u00e9s \u00e9ducatives, exp\u00e9rientielles et sensorielles.<\/p>\n\n\n\n<p><strong>ACTIVIT\u00c9S AU PRINTEMPS<\/strong><br><strong>Cueillette des Plantes comestibles : <\/strong>Partez \u00e0 la d\u00e9couverte des diff\u00e9rentes plantes comestibles gr\u00e2ce&nbsp; \u00e0 une experte qui vous surprendra par sa connaissance de la nature. <br><strong> Ebourgeonnage : <\/strong>Etape essentielle dans la cr\u00e9ation du vin. Vous supprimerez certaines pousses ind\u00e9sirables (gourmands, double et triple bourres ou pousses) situ\u00e9es sur le courson, la baguette et le bois de l&rsquo;ann\u00e9e&nbsp; pr\u00e9c\u00e9dente. <\/p>\n\n\n\n<p><strong>ACTIVIT\u00c9S D\u2019\u00c9T\u00c9<\/strong><br><strong>Vendanges: <\/strong>D\u00e8s la fin du mois d&rsquo;ao\u00fbt, venez d\u00e9couvrir et participer \u00e0 la cueillette du raisin sur le domaine. <br><strong>Repas au milieu des vignes&nbsp; : <\/strong>D\u00e9gustez un repas local dans un cadre unique. <\/p>\n\n\n\n<p><strong>ACTIVIT\u00c9S D&rsquo;AUTOMNE<\/strong><br><strong>R\u00e9colte des olives : <\/strong>A partir d&rsquo;octobre, nous vous proposons de venir participer \u00e0 la r\u00e9colte des olives BIO cultiv\u00e9es sur le Domaine. Avec bien s\u00fbr une d\u00e9gustation personnalis\u00e9e d&rsquo;huile d&rsquo;olive maison.<\/p>\n\n\n\n<p><strong>ACTIVIT\u00c9S D&rsquo;HIVER<\/strong><br><strong>Taille : <\/strong>La taille de la vigne est une \u00e9tape importante qui conditionne la bonne fructification. <br><strong>Planter votre arbre : <\/strong>Plantez un arbre qui aura un r\u00f4le unique dans l&rsquo;\u00e9cosyst\u00e8me du Domaine et&nbsp; \u00ab\u00a0sponsorisez\u00a0\u00bb le ! Vous aurez r\u00e9guli\u00e8rement des nouvelles de son \u00e9volution et vous pourrez revenir le voir ! <br><strong>Les tondeuses animales : <\/strong>Faites la connaissance de notre berger et de son troupeau, et d\u00e9couvrez son r\u00f4le important dans nos vignes. <\/p>\n\n\n\n<figure class=\"wp-block-image\"><img loading=\"lazy\" decoding=\"async\" width=\"1024\" height=\"578\" src=\"https:\/\/amap.3fu.me\/wp-content\/uploads\/2019\/04\/cave-1024x578.jpg\" alt=\"\" class=\"wp-image-435\" srcset=\"https:\/\/www.biauxarpajonnais.org\/wp-content\/uploads\/2019\/04\/cave-1024x578.jpg 1024w, https:\/\/www.biauxarpajonnais.org\/wp-content\/uploads\/2019\/04\/cave-300x169.jpg 300w, https:\/\/www.biauxarpajonnais.org\/wp-content\/uploads\/2019\/04\/cave-768x433.jpg 768w, https:\/\/www.biauxarpajonnais.org\/wp-content\/uploads\/2019\/04\/cave.jpg 1037w\" sizes=\"auto, (max-width: 1024px) 100vw, 1024px\" \/><\/figure>\n\n\n\n<p><\/p>\n","protected":false},"excerpt":{"rendered":"<p>Janvier 2021 &#8211; Les v\u0153ux du domaine Enclos de la croix Le Domaine U N&nbsp; L I E U&nbsp; D &lsquo; E X C E P T I O N Situ\u00e9 dans le Languedoc, au c\u0153ur de la petite&nbsp; Camargue,&#8230;<\/p>\n","protected":false},"author":3,"featured_media":0,"parent":59,"menu_order":0,"comment_status":"closed","ping_status":"closed","template":"","meta":{"footnotes":""},"class_list":["post-296","page","type-page","status-publish","hentry","no-post-thumbnail"],"_links":{"self":[{"href":"https:\/\/www.biauxarpajonnais.org\/index.php\/wp-json\/wp\/v2\/pages\/296","targetHints":{"allow":["GET"]}}],"collection":[{"href":"https:\/\/www.biauxarpajonnais.org\/index.php\/wp-json\/wp\/v2\/pages"}],"about":[{"href":"https:\/\/www.biauxarpajonnais.org\/index.php\/wp-json\/wp\/v2\/types\/page"}],"author":[{"embeddable":true,"href":"https:\/\/www.biauxarpajonnais.org\/index.php\/wp-json\/wp\/v2\/users\/3"}],"replies":[{"embeddable":true,"href":"https:\/\/www.biauxarpajonnais.org\/index.php\/wp-json\/wp\/v2\/comments?post=296"}],"version-history":[{"count":1,"href":"https:\/\/www.biauxarpajonnais.org\/index.php\/wp-json\/wp\/v2\/pages\/296\/revisions"}],"predecessor-version":[{"id":4927,"href":"https:\/\/www.biauxarpajonnais.org\/index.php\/wp-json\/wp\/v2\/pages\/296\/revisions\/4927"}],"up":[{"embeddable":true,"href":"https:\/\/www.biauxarpajonnais.org\/index.php\/wp-json\/wp\/v2\/pages\/59"}],"wp:attachment":[{"href":"https:\/\/www.biauxarpajonnais.org\/index.php\/wp-json\/wp\/v2\/media?parent=296"}],"curies":[{"name":"wp","href":"https:\/\/api.w.org\/{rel}","templated":true}]}}