{"id":1795,"date":"2020-09-17T14:56:02","date_gmt":"2020-09-17T12:56:02","guid":{"rendered":"https:\/\/www.biauxarpajonnais.org\/?page_id=1795"},"modified":"2025-01-02T19:34:23","modified_gmt":"2025-01-02T18:34:23","slug":"le-jardin-fleurs-de-cocagne","status":"publish","type":"page","link":"https:\/\/www.biauxarpajonnais.org\/index.php\/les-producteurs\/le-jardin-fleurs-de-cocagne\/","title":{"rendered":"LEGUMES"},"content":{"rendered":"\n<h2 class=\"wp-block-heading\">Le Chemin des Fleurs <\/h2>\n\n\n\n<div style=\"height:10px\" aria-hidden=\"true\" class=\"wp-block-spacer\"><\/div>\n\n\n\n<div style=\"height:25px\" aria-hidden=\"true\" class=\"wp-block-spacer\"><\/div>\n\n\n\n<p class=\"has-text-align-center has-vivid-green-cyan-color has-text-color has-medium-font-size\"><strong> <\/strong><br><strong>En 2022<\/strong> <strong>\u00ab\u00a0Fleurs de Cocagne\u00a0\u00bb est devenu \u00ab\u00a0Le Chemin des Fleurs\u00a0\u00bb<br>Il n&rsquo;y a que le nom qui change<\/strong><\/p>\n\n\n\n<p>Cr\u00e9\u00e9 en 2014 et install\u00e9 sur une ancienne exploitation horticole&nbsp;\u00e0 Avrainville (Essonne), le <strong>Chemin des Fleurs, <\/strong>anciennement<strong> Fleurs de Cocagne<\/strong>&nbsp;est une&nbsp;<strong>Structure d&rsquo;Insertion par l&rsquo;Activit\u00e9 Economique<\/strong>&nbsp;(S.I.A.E) association loi 1901.&nbsp;&nbsp;<\/p>\n\n\n\n<p>Apr\u00e8s avoir r\u00e9ussi \u00e0 mettre en&nbsp;place&nbsp;la<strong>&nbsp;premi\u00e8re&nbsp;production&nbsp;de roses biologiques<\/strong>&nbsp;en&nbsp;France, l&rsquo;association s&rsquo;est lanc\u00e9e dans le mara\u00eechage biologique.<\/p>\n\n\n\n<p>Cette nouvelle activit\u00e9 a permis d&rsquo;augmenter le nombre d&#8217;emplois en&nbsp;insertion et de r\u00e9pondre \u00e0 une demande locale grandissante en l\u00e9gumes issus de&nbsp;l&rsquo;agriculture bio et locale.<\/p>\n\n\n\n<figure class=\"wp-block-gallery has-nested-images columns-default is-cropped wp-block-gallery-1 is-layout-flex wp-block-gallery-is-layout-flex\">\n<figure class=\"wp-block-image size-large\"><img loading=\"lazy\" decoding=\"async\" width=\"551\" height=\"302\" data-id=\"1798\" src=\"https:\/\/www.biauxarpajonnais.org\/wp-content\/uploads\/2020\/09\/Fleurs-de-Cocagne1.jpg\" alt=\"\" class=\"wp-image-1798\" srcset=\"https:\/\/www.biauxarpajonnais.org\/wp-content\/uploads\/2020\/09\/Fleurs-de-Cocagne1.jpg 551w, https:\/\/www.biauxarpajonnais.org\/wp-content\/uploads\/2020\/09\/Fleurs-de-Cocagne1-300x164.jpg 300w\" sizes=\"auto, (max-width: 551px) 100vw, 551px\" \/><\/figure>\n<\/figure>\n\n\n\n<p>Pour&nbsp;<strong>Le Chemin des Fleurs<\/strong>, l&rsquo;objectif quotidien est d&rsquo;<strong>aider des personnes \u00e0 se reconstruire<\/strong>&nbsp;au travers d&rsquo;un travail noble et valorisant.&nbsp;<strong>L&rsquo;horticulture&nbsp;et le mara\u00eechage biologiques<\/strong>&nbsp;sont utilis\u00e9s&nbsp;en tant que support p\u00e9dagogique et de remobilisation&nbsp;d&rsquo;un public&nbsp;principalement f\u00e9minin (70%).&nbsp;Pendant leur contrat, les personnes en parcours d&rsquo;insertion acqui\u00e8rent ou r\u00e9v\u00e8lent des&nbsp;<strong>comp\u00e9tences transf\u00e9rables<\/strong>&nbsp;\u00e0 d&rsquo;autres domaines d&rsquo;activit\u00e9 et reprennent ainsi une&nbsp;<strong>confiance indispensable \u00e0 leur futur.<\/strong><\/p>\n\n\n\n<figure class=\"wp-block-gallery has-nested-images columns-default is-cropped wp-block-gallery-2 is-layout-flex wp-block-gallery-is-layout-flex\">\n<figure class=\"wp-block-image size-large\"><img loading=\"lazy\" decoding=\"async\" width=\"649\" height=\"265\" data-id=\"1799\" src=\"https:\/\/www.biauxarpajonnais.org\/wp-content\/uploads\/2020\/09\/Fleurs-de-Cocagne2.jpg\" alt=\"\" class=\"wp-image-1799\" srcset=\"https:\/\/www.biauxarpajonnais.org\/wp-content\/uploads\/2020\/09\/Fleurs-de-Cocagne2.jpg 649w, https:\/\/www.biauxarpajonnais.org\/wp-content\/uploads\/2020\/09\/Fleurs-de-Cocagne2-300x122.jpg 300w\" sizes=\"auto, (max-width: 649px) 100vw, 649px\" \/><\/figure>\n<\/figure>\n\n\n\n<p>Au-del\u00e0 d&rsquo;une simple relation de producteurs et de consommateurs Le Chemin des Fleurs et ses Adh\u00e9rents sont avant tout unis par une&nbsp;<strong>action d&rsquo;entraide citoyenne et responsable<\/strong>.<\/p>\n\n\n\n<p><strong>En adh\u00e9rant au Chemin des Fleurs, les&nbsp;\u00ab&nbsp;consom&rsquo;acteurs&nbsp;\u00bb&nbsp;ach\u00e8tent bien plus qu&rsquo;un panier de l\u00e9gumes ou un bouquet, ils&nbsp;apportent leur soutien de mani\u00e8re tr\u00e8s concr\u00e8te \u00e0 un projet solidaire et local !<\/strong><\/p>\n\n\n\n<p><strong><span style=\"text-decoration: underline;\">Vid\u00e9os :&nbsp;<\/span><\/strong><\/p>\n\n\n\n<p class=\"has-text-align-left\"><mark style=\"background-color:rgba(0, 0, 0, 0)\" class=\"has-inline-color has-vivid-green-cyan-color\"><strong>LES FRANCILIENS \u00ab&nbsp;Made in \u00eele-de-France&nbsp;\u00bb par le CREDIT AGRICOLE<\/strong><\/mark><br><a href=\"https:\/\/www.youtube.com\/watch?v=IJMdMtCOzDI\" target=\"_blank\" rel=\"noreferrer noopener\">https:\/\/www.youtube.com\/watch?v=IJMdMtCOzDI<\/a><\/p>\n\n\n\n<p><strong><span class=\"has-inline-color has-vivid-green-cyan-color\">FLEURS DE COCAGNE LA POSTE<\/span><\/strong><br><a href=\"https:\/\/www.youtube.com\/watch?v=RAfhkHLByWE\" data-type=\"URL\" data-id=\"https:\/\/www.youtube.com\/watch?v=RAfhkHLByWE\">https:\/\/www.youtube.com\/watch?v=RAfhkHLByWE<\/a><br><\/p>\n\n\n\n<p><mark style=\"background-color:rgba(0, 0, 0, 0)\" class=\"has-inline-color has-vivid-green-cyan-color\"><strong>MILLE ET UNE VIES (F<\/strong><\/mark><strong><mark style=\"background-color:rgba(0, 0, 0, 0)\" class=\"has-inline-color has-vivid-green-cyan-color\">r\u00e9d\u00e9<\/mark><\/strong><mark style=\"background-color:rgba(0, 0, 0, 0)\" class=\"has-inline-color has-vivid-green-cyan-color\"><strong>ric LOPEZ<\/strong>)<\/mark><br>Sujet \u00e0 la 6\u00e8me minute<br><a href=\"https:\/\/www.youtube.com\/watch?v=Ao6ovK9AB-g\">https:\/\/www.youtube.com\/watch?v=Ao6ovK9AB-g<\/a><\/p>\n\n\n<div class=\"wp-block-image\">\n<figure class=\"alignleft size-full is-resized\"><img loading=\"lazy\" decoding=\"async\" width=\"387\" height=\"559\" src=\"https:\/\/www.biauxarpajonnais.org\/wp-content\/uploads\/2024\/02\/20240202-2.jpg\" alt=\"\" class=\"wp-image-5168\" style=\"width:714px;height:auto\" srcset=\"https:\/\/www.biauxarpajonnais.org\/wp-content\/uploads\/2024\/02\/20240202-2.jpg 387w, https:\/\/www.biauxarpajonnais.org\/wp-content\/uploads\/2024\/02\/20240202-2-208x300.jpg 208w\" sizes=\"auto, (max-width: 387px) 100vw, 387px\" \/><\/figure>\n<\/div>\n\n\n<div style=\"height:44px\" aria-hidden=\"true\" class=\"wp-block-spacer\"><\/div>\n\n\n<div class=\"wp-block-image\">\n<figure class=\"alignleft size-full is-resized\"><img loading=\"lazy\" decoding=\"async\" width=\"898\" height=\"592\" src=\"https:\/\/www.biauxarpajonnais.org\/wp-content\/uploads\/2023\/04\/Chemin-des-fleurs-Rapport-dactivite-2022.jpg\" alt=\"\" class=\"wp-image-4821\" style=\"width:238px;height:156px\" srcset=\"https:\/\/www.biauxarpajonnais.org\/wp-content\/uploads\/2023\/04\/Chemin-des-fleurs-Rapport-dactivite-2022.jpg 898w, https:\/\/www.biauxarpajonnais.org\/wp-content\/uploads\/2023\/04\/Chemin-des-fleurs-Rapport-dactivite-2022-300x198.jpg 300w, https:\/\/www.biauxarpajonnais.org\/wp-content\/uploads\/2023\/04\/Chemin-des-fleurs-Rapport-dactivite-2022-768x506.jpg 768w\" sizes=\"auto, (max-width: 898px) 100vw, 898px\" \/><\/figure>\n<\/div>\n\n\n<div class=\"wp-block-file\"><a id=\"wp-block-file--media-f1bcb748-7be4-4bc6-be3f-87c79d0e35fb\" href=\"https:\/\/www.biauxarpajonnais.org\/wp-content\/uploads\/2023\/04\/Rapport-d-activite-2022-ADHERENT-LE-CHEMIN-DES-FLEURS.pdf\"><br><br><strong>Rapport-d-activite-2022-ADHERENT-LE-CHEMIN-DES-FLEURS<\/strong><\/a><\/div>\n\n\n\n<div style=\"height:35px\" aria-hidden=\"true\" class=\"wp-block-spacer\"><\/div>\n\n\n\n<p class=\"has-text-align-center has-vivid-green-cyan-color has-text-color\"><strong>D\u00e9cembre 2023<br>Repas de No\u00ebl pour le personnel des \u00ab\u00a0CHEMINS DES FLEURS<\/strong><\/p>\n\n\n\n<figure class=\"wp-block-gallery has-nested-images columns-default is-cropped wp-block-gallery-3 is-layout-flex wp-block-gallery-is-layout-flex\">\n<figure class=\"wp-block-image size-large\"><img loading=\"lazy\" decoding=\"async\" width=\"934\" height=\"526\" data-id=\"4599\" src=\"https:\/\/www.biauxarpajonnais.org\/wp-content\/uploads\/2023\/01\/2023-chemin-des-fleurs-Noel-1.jpg\" alt=\"\" class=\"wp-image-4599\" srcset=\"https:\/\/www.biauxarpajonnais.org\/wp-content\/uploads\/2023\/01\/2023-chemin-des-fleurs-Noel-1.jpg 934w, https:\/\/www.biauxarpajonnais.org\/wp-content\/uploads\/2023\/01\/2023-chemin-des-fleurs-Noel-1-300x169.jpg 300w, https:\/\/www.biauxarpajonnais.org\/wp-content\/uploads\/2023\/01\/2023-chemin-des-fleurs-Noel-1-768x433.jpg 768w\" sizes=\"auto, (max-width: 934px) 100vw, 934px\" \/><\/figure>\n\n\n\n<figure class=\"wp-block-image size-large\"><img loading=\"lazy\" decoding=\"async\" width=\"640\" height=\"360\" data-id=\"4600\" src=\"https:\/\/www.biauxarpajonnais.org\/wp-content\/uploads\/2023\/01\/chemin-des-fleurs-TABLE-REPAS-NOEL-02.jpeg\" alt=\"\" class=\"wp-image-4600\" srcset=\"https:\/\/www.biauxarpajonnais.org\/wp-content\/uploads\/2023\/01\/chemin-des-fleurs-TABLE-REPAS-NOEL-02.jpeg 640w, https:\/\/www.biauxarpajonnais.org\/wp-content\/uploads\/2023\/01\/chemin-des-fleurs-TABLE-REPAS-NOEL-02-300x169.jpeg 300w\" sizes=\"auto, (max-width: 640px) 100vw, 640px\" \/><\/figure>\n\n\n\n<figure class=\"wp-block-image size-large\"><img loading=\"lazy\" decoding=\"async\" width=\"640\" height=\"360\" data-id=\"4601\" src=\"https:\/\/www.biauxarpajonnais.org\/wp-content\/uploads\/2023\/01\/chemin-des-fleurs-TABLE-REPAS-NOEL-03.jpeg\" alt=\"\" class=\"wp-image-4601\" srcset=\"https:\/\/www.biauxarpajonnais.org\/wp-content\/uploads\/2023\/01\/chemin-des-fleurs-TABLE-REPAS-NOEL-03.jpeg 640w, https:\/\/www.biauxarpajonnais.org\/wp-content\/uploads\/2023\/01\/chemin-des-fleurs-TABLE-REPAS-NOEL-03-300x169.jpeg 300w\" sizes=\"auto, (max-width: 640px) 100vw, 640px\" \/><\/figure>\n<\/figure>\n","protected":false},"excerpt":{"rendered":"<p>Le Chemin des Fleurs En 2022 \u00ab\u00a0Fleurs de Cocagne\u00a0\u00bb est devenu \u00ab\u00a0Le Chemin des Fleurs\u00a0\u00bbIl n&rsquo;y a que le nom qui change Cr\u00e9\u00e9 en 2014 et install\u00e9 sur une ancienne exploitation horticole&nbsp;\u00e0 Avrainville (Essonne), le Chemin des Fleurs, anciennement Fleurs&#8230;<\/p>\n","protected":false},"author":4,"featured_media":0,"parent":59,"menu_order":0,"comment_status":"closed","ping_status":"closed","template":"","meta":{"footnotes":""},"class_list":["post-1795","page","type-page","status-publish","hentry","no-post-thumbnail"],"_links":{"self":[{"href":"https:\/\/www.biauxarpajonnais.org\/index.php\/wp-json\/wp\/v2\/pages\/1795","targetHints":{"allow":["GET"]}}],"collection":[{"href":"https:\/\/www.biauxarpajonnais.org\/index.php\/wp-json\/wp\/v2\/pages"}],"about":[{"href":"https:\/\/www.biauxarpajonnais.org\/index.php\/wp-json\/wp\/v2\/types\/page"}],"author":[{"embeddable":true,"href":"https:\/\/www.biauxarpajonnais.org\/index.php\/wp-json\/wp\/v2\/users\/4"}],"replies":[{"embeddable":true,"href":"https:\/\/www.biauxarpajonnais.org\/index.php\/wp-json\/wp\/v2\/comments?post=1795"}],"version-history":[{"count":2,"href":"https:\/\/www.biauxarpajonnais.org\/index.php\/wp-json\/wp\/v2\/pages\/1795\/revisions"}],"predecessor-version":[{"id":5486,"href":"https:\/\/www.biauxarpajonnais.org\/index.php\/wp-json\/wp\/v2\/pages\/1795\/revisions\/5486"}],"up":[{"embeddable":true,"href":"https:\/\/www.biauxarpajonnais.org\/index.php\/wp-json\/wp\/v2\/pages\/59"}],"wp:attachment":[{"href":"https:\/\/www.biauxarpajonnais.org\/index.php\/wp-json\/wp\/v2\/media?parent=1795"}],"curies":[{"name":"wp","href":"https:\/\/api.w.org\/{rel}","templated":true}]}}