{"id":1004,"date":"2019-10-20T15:27:57","date_gmt":"2019-10-20T13:27:57","guid":{"rendered":"https:\/\/www.biauxarpajonnais.org\/?page_id=1004"},"modified":"2024-03-01T12:06:39","modified_gmt":"2024-03-01T11:06:39","slug":"volailles-et-graines","status":"publish","type":"page","link":"https:\/\/www.biauxarpajonnais.org\/index.php\/les-producteurs\/volailles-et-graines\/","title":{"rendered":"VOLAILLES et OEUFS"},"content":{"rendered":"<div class=\"wp-block-image\">\n<figure class=\"alignleft size-full is-resized\"><img loading=\"lazy\" decoding=\"async\" width=\"900\" height=\"462\" src=\"https:\/\/www.biauxarpajonnais.org\/wp-content\/uploads\/2024\/03\/Ferme-de-Beauce-1-1.png\" alt=\"\" class=\"wp-image-5222\" style=\"width:299px;height:auto\" srcset=\"https:\/\/www.biauxarpajonnais.org\/wp-content\/uploads\/2024\/03\/Ferme-de-Beauce-1-1.png 900w, https:\/\/www.biauxarpajonnais.org\/wp-content\/uploads\/2024\/03\/Ferme-de-Beauce-1-1-300x154.png 300w, https:\/\/www.biauxarpajonnais.org\/wp-content\/uploads\/2024\/03\/Ferme-de-Beauce-1-1-768x394.png 768w\" sizes=\"auto, (max-width: 900px) 100vw, 900px\" \/><\/figure>\n<\/div>\n\n<div class=\"wp-block-image\">\n<figure class=\"alignleft size-full is-resized\"><img loading=\"lazy\" decoding=\"async\" width=\"633\" height=\"433\" src=\"https:\/\/www.biauxarpajonnais.org\/wp-content\/uploads\/2024\/03\/Ferme-de-Beauce-2.png\" alt=\"\" class=\"wp-image-5220\" style=\"width:202px;height:auto\" srcset=\"https:\/\/www.biauxarpajonnais.org\/wp-content\/uploads\/2024\/03\/Ferme-de-Beauce-2.png 633w, https:\/\/www.biauxarpajonnais.org\/wp-content\/uploads\/2024\/03\/Ferme-de-Beauce-2-300x205.png 300w\" sizes=\"auto, (max-width: 633px) 100vw, 633px\" \/><\/figure>\n<\/div>\n\n\n<div style=\"height:15px\" aria-hidden=\"true\" class=\"wp-block-spacer\"><\/div>\n\n\n\n<h2 class=\"wp-block-heading\">NOTRE FERME&#8230;<\/h2>\n\n\n\n<p>Jeunes \u00e9leveurs de volailles&nbsp;<strong>bio<\/strong>&nbsp;install\u00e9s en 2016 sur une parcelle de 4 hectares \u00e0&nbsp;<strong><u>Gouillons<\/u><\/strong>.&nbsp;<\/p>\n\n\n\n<p>Nous mettons un point d&rsquo;honneur au<strong>&nbsp;bien \u00eatre animal<\/strong>&nbsp;et&nbsp;<strong>au respect de l&rsquo;environnement<\/strong>.<\/p>\n\n\n\n<p>Nos poulets sont log\u00e9s dans des poulaillers d\u00e9pla\u00e7ables de 60m\u00b2 avec de grands parcours pour qu&rsquo;ils puissent gambader en&nbsp;<strong>libert\u00e9<\/strong>&nbsp;tout au long de la journ\u00e9e&#8230;<\/p>\n\n\n\n<p>Ils sont nourris avec une<strong>&nbsp;alimentation 100% bio fabriqu\u00e9e \u00e0 la ferme<\/strong>&nbsp;dont les c\u00e9r\u00e9ales proviennent des agriculteurs aux alentours de notre exploitation.<\/p>\n\n\n\n<p>Nous \u00e9levons \u00e9galement des poules pondeuses pour leurs d\u00e9licieux&nbsp;<strong>oeufs<\/strong>, elles sont log\u00e9es dans un b\u00e2timent fixe donnant acc\u00e8s \u00e0 un parcours herbeux pour sortir \u00e0 leur guise.<\/p>\n\n\n<div class=\"wp-block-image\">\n<figure class=\"aligncenter size-large is-resized\"><img loading=\"lazy\" decoding=\"async\" width=\"1024\" height=\"463\" src=\"https:\/\/www.biauxarpajonnais.org\/wp-content\/uploads\/2024\/03\/Ferme-de-Beauce-1024x463.png\" alt=\"\" class=\"wp-image-5218\" style=\"width:681px;height:auto\" srcset=\"https:\/\/www.biauxarpajonnais.org\/wp-content\/uploads\/2024\/03\/Ferme-de-Beauce-1024x463.png 1024w, https:\/\/www.biauxarpajonnais.org\/wp-content\/uploads\/2024\/03\/Ferme-de-Beauce-300x136.png 300w, https:\/\/www.biauxarpajonnais.org\/wp-content\/uploads\/2024\/03\/Ferme-de-Beauce-768x347.png 768w, https:\/\/www.biauxarpajonnais.org\/wp-content\/uploads\/2024\/03\/Ferme-de-Beauce.png 1282w\" sizes=\"auto, (max-width: 1024px) 100vw, 1024px\" \/><\/figure>\n<\/div>","protected":false},"excerpt":{"rendered":"<p>NOTRE FERME&#8230; Jeunes \u00e9leveurs de volailles&nbsp;bio&nbsp;install\u00e9s en 2016 sur une parcelle de 4 hectares \u00e0&nbsp;Gouillons.&nbsp; Nous mettons un point d&rsquo;honneur au&nbsp;bien \u00eatre animal&nbsp;et&nbsp;au respect de l&rsquo;environnement. Nos poulets sont log\u00e9s dans des poulaillers d\u00e9pla\u00e7ables de 60m\u00b2 avec de grands parcours&#8230;<\/p>\n","protected":false},"author":4,"featured_media":0,"parent":59,"menu_order":0,"comment_status":"closed","ping_status":"closed","template":"","meta":{"footnotes":""},"class_list":["post-1004","page","type-page","status-publish","hentry","no-post-thumbnail"],"_links":{"self":[{"href":"https:\/\/www.biauxarpajonnais.org\/index.php\/wp-json\/wp\/v2\/pages\/1004","targetHints":{"allow":["GET"]}}],"collection":[{"href":"https:\/\/www.biauxarpajonnais.org\/index.php\/wp-json\/wp\/v2\/pages"}],"about":[{"href":"https:\/\/www.biauxarpajonnais.org\/index.php\/wp-json\/wp\/v2\/types\/page"}],"author":[{"embeddable":true,"href":"https:\/\/www.biauxarpajonnais.org\/index.php\/wp-json\/wp\/v2\/users\/4"}],"replies":[{"embeddable":true,"href":"https:\/\/www.biauxarpajonnais.org\/index.php\/wp-json\/wp\/v2\/comments?post=1004"}],"version-history":[{"count":2,"href":"https:\/\/www.biauxarpajonnais.org\/index.php\/wp-json\/wp\/v2\/pages\/1004\/revisions"}],"predecessor-version":[{"id":5223,"href":"https:\/\/www.biauxarpajonnais.org\/index.php\/wp-json\/wp\/v2\/pages\/1004\/revisions\/5223"}],"up":[{"embeddable":true,"href":"https:\/\/www.biauxarpajonnais.org\/index.php\/wp-json\/wp\/v2\/pages\/59"}],"wp:attachment":[{"href":"https:\/\/www.biauxarpajonnais.org\/index.php\/wp-json\/wp\/v2\/media?parent=1004"}],"curies":[{"name":"wp","href":"https:\/\/api.w.org\/{rel}","templated":true}]}}

<div class="wp-block-image">
<figure class="alignleft size-full is-resized"><img loading="lazy" decoding="async" width="900" height="462" src="https://www.biauxarpajonnais.org/wp-content/uploads/2024/03/Ferme-de-Beauce-1-1.png" alt="" class="wp-image-5222" style="width:299px;height:auto" srcset="https://www.biauxarpajonnais.org/wp-content/uploads/2024/03/Ferme-de-Beauce-1-1.png 900w, https://www.biauxarpajonnais.org/wp-content/uploads/2024/03/Ferme-de-Beauce-1-1-300x154.png 300w, https://www.biauxarpajonnais.org/wp-content/uploads/2024/03/Ferme-de-Beauce-1-1-768x394.png 768w" sizes="auto, (max-width: 900px) 100vw, 900px" /></figure>
</div>

<div class="wp-block-image">
<figure class="alignleft size-full is-resized"><img loading="lazy" decoding="async" width="633" height="433" src="https://www.biauxarpajonnais.org/wp-content/uploads/2024/03/Ferme-de-Beauce-2.png" alt="" class="wp-image-5220" style="width:202px;height:auto" srcset="https://www.biauxarpajonnais.org/wp-content/uploads/2024/03/Ferme-de-Beauce-2.png 633w, https://www.biauxarpajonnais.org/wp-content/uploads/2024/03/Ferme-de-Beauce-2-300x205.png 300w" sizes="auto, (max-width: 633px) 100vw, 633px" /></figure>
</div>


<div style="height:15px" aria-hidden="true" class="wp-block-spacer"></div>



<h2 class="wp-block-heading">NOTRE FERME&#8230;</h2>



<p>Jeunes éleveurs de volailles&nbsp;<strong>bio</strong>&nbsp;installés en 2016 sur une parcelle de 4 hectares à&nbsp;<strong><u>Gouillons</u></strong>.&nbsp;</p>



<p>Nous mettons un point d&rsquo;honneur au<strong>&nbsp;bien être animal</strong>&nbsp;et&nbsp;<strong>au respect de l&rsquo;environnement</strong>.</p>



<p>Nos poulets sont logés dans des poulaillers déplaçables de 60m² avec de grands parcours pour qu&rsquo;ils puissent gambader en&nbsp;<strong>liberté</strong>&nbsp;tout au long de la journée&#8230;</p>



<p>Ils sont nourris avec une<strong>&nbsp;alimentation 100% bio fabriquée à la ferme</strong>&nbsp;dont les céréales proviennent des agriculteurs aux alentours de notre exploitation.</p>



<p>Nous élevons également des poules pondeuses pour leurs délicieux&nbsp;<strong>oeufs</strong>, elles sont logées dans un bâtiment fixe donnant accès à un parcours herbeux pour sortir à leur guise.</p>


<div class="wp-block-image">
<figure class="aligncenter size-large is-resized"><img loading="lazy" decoding="async" width="1024" height="463" src="https://www.biauxarpajonnais.org/wp-content/uploads/2024/03/Ferme-de-Beauce-1024x463.png" alt="" class="wp-image-5218" style="width:681px;height:auto" srcset="https://www.biauxarpajonnais.org/wp-content/uploads/2024/03/Ferme-de-Beauce-1024x463.png 1024w, https://www.biauxarpajonnais.org/wp-content/uploads/2024/03/Ferme-de-Beauce-300x136.png 300w, https://www.biauxarpajonnais.org/wp-content/uploads/2024/03/Ferme-de-Beauce-768x347.png 768w, https://www.biauxarpajonnais.org/wp-content/uploads/2024/03/Ferme-de-Beauce.png 1282w" sizes="auto, (max-width: 1024px) 100vw, 1024px" /></figure>
</div>

<p>NOTRE FERME&#8230; Jeunes éleveurs de volailles&nbsp;bio&nbsp;installés en 2016 sur une parcelle de 4 hectares à&nbsp;Gouillons.&nbsp; Nous mettons un point d&rsquo;honneur au&nbsp;bien être animal&nbsp;et&nbsp;au respect de l&rsquo;environnement. Nos poulets sont logés dans des poulaillers déplaçables de 60m² avec de grands parcours&#8230;</p>
